517 is divided by 845.
757
What is the remainder when 259239 is divided by 46?
29
What is the remainder when 36657546 is divided by 611?
601
What is the remainder when 2459785 is divided by 175698?
13
What is the remainder when 5190947 is divided by 12?
11
What is the remainder when 46845313 is divided by 3333?
3331
Calculate the remainder when 5199987 is divided by 695.
692
Calculate the remainder when 710835 is divided by 16118.
1643
What is the remainder when 99724318 is divided by 1656?
1654
What is the remainder when 260447 is divided by 260100?
347
What is the remainder when 10121224 is divided by 6904?
6864
What is the remainder when 9647 is divided by 9328?
319
What is the remainder when 4176439 is divided by 596632?
15
Calculate the remainder when 541766209 is divided by 3034.
3033
Calculate the remainder when 805704 is divided by 535.
529
What is the remainder when 181713311 is divided by 144?
143
What is the remainder when 3452624 is divided by 32?
16
What is the remainder when 119500 is divided by 7006?
398
What is the remainder when 6901891 is divided by 79?
56
What is the remainder when 451783 is divided by 17367?
241
What is the remainder when 12667 is divided by 526?
43
Calculate the remainder when 1194042 is divided by 170560.
122
Calculate the remainder when 14769 is divided by 7194.
381
Calculate the remainder when 1158490 is divided by 578631.
1228
Calculate the remainder when 96280 is divided by 2465.
145
What is the remainder when 19244103 is divided by 3848779?
208
What is the remainder when 95950019 is divided by 7?
4
Calculate the remainder when 1765457 is divided by 2687.
98
What is the remainder when 343312 is divided by 113?
18
Calculate the remainder when 8393903 is divided by 84786.
89
What is the remainder when 3290637 is divided by 36562?
57
Calculate the remainder when 1225143 is divided by 740.
443
Calculate the remainder when 708650 is divided by 355.
70
Calculate the remainder when 7069918 is divided by 2678.
2676
What is the remainder when 1894313 is divided by 1344?
617
Calculate the remainder when 39317477 is divided by 13105823.
8
Calculate the remainder when 43341797 is divided by 43341784.
13
Calculate the remainder when 20049428 is divided by 4009869.
83
Calculate the remainder when 2613841 is divided by 842.
273
Calculate the remainder when 680502 is divided by 1605.
1587
What is the remainder when 31974099 is divided by 3593?
3585
Calculate the remainder when 19606603 is divided by 162038.
5
Calculate the remainder when 21365 is divided by 4039.
1170
Calculate the remainder when 9285830 is divided by 70347.
26
Calculate the remainder when 2312675 is divided by 1615.
1610
Calculate the remainder when 5845963 is divided by 263.
262
What is the remainder when 33688876 is divided by 40?
36
Calculate the remainder when 3246976 is divided by 23.
20
What is the remainder when 16521180 is divided by 49?
46
What is the remainder when 7404054 is divided by 1234009?
0
Calculate the remainder when 51885013 is divided by 137626.
11
What is the remainder when 9678991 is divided by 4839488?
15
What is the remainder when 30595861 is divided by 15297927?
7
Calculate the remainder when 2517696 is divided by 1484.
832
Calculate the remainder when 88066158 is divided by 22016537.
10
Calculate the remainder when 5025526 is divided by 7456.
182
What is the remainder when 26761 is divided by 2405?
306
Calculate the remainder when 278998 is divided by 359.
55
Calculate the remainder when 8587027 is divided by 6540.
7
Calculate the remainder when 2615938 is divided by 1307949.
40
What is the remainder when 400972 is divided by 314?
308
Calculate the remainder when 91011 is divided by 1714.
169
Calculate the remainder when 889077 is divided by 37041.
93
Calculate the remainder when 606652 is divided by 15166.
12
What is the remainder when 1109657 is divided by 12?
5
What is the remainder when 129639742 is divided by 64819865?
12
What is the remainder when 2612031 is divided by 2173?
85
What is the remainder when 16676240 is divided by 19?
16
Calculate the remainder when 8300 is divided by 1143.
299
Calculate the remainder when 16563392 is divided by 231.
230
Calculate the remainder when 2623183 is divided by 9302.
19
Calculate the remainder when 158023977 is divided by 19.
8
What is the remainder when 143249 is divided by 2170?
29
Calculate the remainder when 14259 is divided by 495.
399
What is the remainder when 12713033 is divided by 44?
25
What is the remainder when 90357366 is divided by 5893?
5890
What is the remainder when 85711 is divided by 10305?
3271
Calculate the remainder when 2065811 is divided by 688590.
41
What is the remainder when 2944 is divided by 1224?
496
Calculate the remainder when 5739288 is divided by 688.
680
Calculate the remainder when 29594673 is divided by 63.
45
What is the remainder when 21482923 is divided by 535?
533
Calculate the remainder when 1445162 is divided by 321.
20
What is the remainder when 1807343 is divided by 171?
44
Calculate the remainder when 138383005 is divided by 2229.
2227
What is the remainder when 228825745 is divided by 129?
127
Calculate the remainder when 30967 is divided by 7632.
439
Calculate the remainder when 34996 is divided by 31.
28
Calculate the remainder when 232115 is divided by 262.
245
Calculate the remainder when 84098 is divided by 27022.
3032
What is the remainder when 280297 is divided by 187?
171
Calculate the remainder when 5953947 is divided by 393.
390
Calculate the remainder when 324250 is divided by 814.
278
What is the remainder when 1245791 is divided by 370?
1
What is the remainder when 42685 is divided by 2316?
997
What is the remainder when 56126921 is divided by 22?
15
What is the remainder when 323662 is divided by 44?
42
Calculate the remainder when 6364815 is divided by 374392.
151
Calculate the remainder when 3366574 is divided by 13412.
162
Calculate the remainder when 10644961 is divided by 10644916.
45
Calculate the remainder when 1124146 is divided by 374589.
379
What is the remainder when 20548 is divided by 684?
28
What is the remainder when 433449 is divided by 4925?
49
Calculate the remainder when 174738 is divided by 87045.
648
Calculate the remainder when 104114007 is divided by 429.
426
Calculate the remainder when 434387 is divided by 8338.
811
What is the remainder when 111823308 is divided by 23?
22
Calculate the remainder when 3021982 is divided by 3021971.
11
Calculate the remainder when 97768 is divided by 7466.
710
What is the remainder when 17027386 is divided by 1414?
1412
What is the remainder when 4830718 is divided by 148?
146
What is the remainder when 2054523 is divided by 112?
107
What is the remainder when 129162 is divided by 1374?
6
Calculate the remainder when 327165 is divided by 5433.
1185
What is the remainder when 472968 is divided by 6754?
188
What is the remainder when 21040524 is divided by 210?
204
What is the remainder when 62531247 is divided by 3335?
3332
What is the remainder when 560914 is divided by 560896?
18
Calculate the remainder when 24042 is divided by 76.
26
What is the remainder when 63780 is divided by 20968?
876
Calculate the remainder when 204274 is divided by 950.
24
Calculate the remainder when 1355384 is divided by 408.
8
What is the remainder when 699955 is divided by 123?
85
What is the remainder when 1231749 is divided by 158?
139
What is the remainder when 91740 is divided by 2753?
891
What is the remainder when 905076 is divided by 325?
276
Calculate the remainder when 85405655 is divided by 14.
13
Calculate the remainder when 37049 is divided by 1588.
525
Calculate the remainder when 25487332 is divided by 246.
10
What is the remainder when 609881 is divided by 422?
91
What is the remainder when 4033449 is divided by 2142?
63
What is the remainder when 1738137 is divided by 1336?
1
What is the remainder when 235980 is divided by 1493?
86
Calculate the remainder when 2818531 is divided by 249.
100
What is the remainder when 41049517 is divided by 570132?
13
What is the remainder when 35473399 is divided by 260?
39
What is the remainder when 104882 is divided by 10453?
352
What is the remainder when 466153 is divided by 1422?
1159
Calculate the remainder when 106860 i